{"id":1667,"date":"2024-04-03T16:41:54","date_gmt":"2024-04-03T14:41:54","guid":{"rendered":"https:\/\/wijster.info\/?post_type=tribe_events&#038;p=1667"},"modified":"2024-04-03T16:41:54","modified_gmt":"2024-04-03T14:41:54","slug":"zorgcafe-dementie-en-parkinson-beilen","status":"publish","type":"tribe_events","link":"https:\/\/wijster.info\/index.php\/event\/zorgcafe-dementie-en-parkinson-beilen\/","title":{"rendered":"Zorgcaf\u00e9 Dementie en Parkinson Beilen"},"content":{"rendered":"<h1><u><a href=\"https:\/\/welzijnswerkmd.plek.co\/message\/66057ac7aa312f7ed735683d\" target=\"_blank\" rel=\"noopener\" data-saferedirecturl=\"https:\/\/www.google.com\/url?q=https:\/\/welzijnswerkmd.plek.co\/message\/66057ac7aa312f7ed735683d&amp;source=gmail&amp;ust=1712178685669000&amp;usg=AOvVaw2Sw5Rewa2RdqUwN3wbF4Xc\">Zorgcaf\u00e9 Beilen &#8211; dinsdag 9 april 19.30 uur Karspelhof<\/a><\/u><\/h1>\n<p>Deze keer organiseren we een gecombineerd zorgcaf\u00e9 Dementie en Parkinson met als thema: \u201cWat te doen als eten en drinken problemen geeft\u201d. Eten en drinken is iets van alle dag. Bij zowel de ziekte van Parkinson als bij dementie kan er een moment komen, dat dit niet meer zo vanzelfsprekend is. Soms gaat het slikken of kauwen moeilijker, met als gevolg dat de eetmomenten minder prettig verlopen. Hoe ga je dan om met verslikken, verminderde spierfunctie of wat kun je doen als het begrip van wat gezegd wordt achteruitgaat.<\/p>\n<p>Er zijn\u00a0 twee gastsprekers: logopedist Reinier Bremer en di\u00ebtiste Annet Schenkel. Zij gaan samen met de bezoekers onder meer \u00a0in gesprek over oorzaak en gevolgen, hoe eten en drinken zo prettig en gezond mogelijk blijft, welke hulpmiddelen er zijn en hoe mensen zo lang mogelijk zelf regie kunnen houden.<\/p>\n<p>Het Zorgcaf\u00e9 is een ontmoetingsplaats, waar pati\u00ebnten, hun partners, familieleden en andere belangstellenden elkaar in een ongedwongen sfeer kunnen ontmoeten en ervaringen kunnen uitwisselen.<\/p>\n<p>Komt u ook de 9<sup>e<\/sup>\u00a0<sup>\u00a0<\/sup>of kent u iemand voor wie deze bijeenkomst interessant is? \u00a0Vanaf 19.00 uur is de deur open en staat er koffie\/thee klaar. Heeft u problemen met vervoer, dan kunt u (minimaal 2 werkdagen van tevoren) mailen of bellen met Stichting Buurtvervoer Midden-Drenthe:\u00a0<a href=\"mailto:info@buurtvervoermd.nl\" target=\"_blank\" rel=\"noopener\">info@buurtvervoermd.nl<\/a>\u00a0of van ma t\/m vrijdag van 9.00 \u2013 13.00 uur T. 0593 \u2013 729 492<\/p>\n<p><b>Aanmelden vooraf is prettig, maar niet verplicht en kan door een mail te sturen o.v.v. Zorgcaf\u00e9 Beilen naar\u00a0<a href=\"mailto:info@welzijnswerkmd.nl\" target=\"_blank\" rel=\"noopener\">info@welzijnswerkmd.nl<\/a>\u00a0\u00a0<\/b><b>of door te bellen op werkdagen naar Welzijnswerk Midden-Drenthe: tel. 088-165 1200<\/b><b><\/b><\/p>\n<p><b><a href=\"https:\/\/wijster.info\/wp-content\/uploads\/2024\/04\/2024-04-09-Flyer-Zorgcafe-logopedist-en-dietist.pdf\">2024-04-09 Flyer Zorgcaf\u00e9 logopedist en dietist<\/a>\u00a0<\/b><\/p>\n","protected":false},"excerpt":{"rendered":"<p>Zorgcaf\u00e9 Beilen &#8211; dinsdag 9 april 19.30 uur Karspelhof Deze keer organiseren we een gecombineerd zorgcaf\u00e9 Dementie en Parkinson met als thema: \u201cWat te doen als eten en drinken problemen geeft\u201d. Eten en drinken is iets van alle dag. Bij &hellip; <a href=\"https:\/\/wijster.info\/index.php\/event\/zorgcafe-dementie-en-parkinson-beilen\/\">Lees verder <span class=\"meta-nav\">&rarr;<\/span><\/a><\/p>\n","protected":false},"author":1,"featured_media":0,"template":"","meta":{"_tribe_events_status":"","_tribe_events_status_reason":"","footnotes":""},"tags":[],"tribe_events_cat":[],"class_list":["post-1667","tribe_events","type-tribe_events","status-publish","hentry"],"yoast_head":"<!-- This site is optimized with the Yoast SEO plugin v27.2 - https:\/\/yoast.com\/product\/yoast-seo-wordpress\/ -->\n<title>Zorgcaf\u00e9 Dementie en Parkinson Beilen - Wijster<\/title>\n<meta name=\"robots\" content=\"index, follow, max-snippet:-1, max-image-preview:large, max-video-preview:-1\" \/>\n<link rel=\"canonical\" href=\"https:\/\/wijster.info\/index.php\/event\/zorgcafe-dementie-en-parkinson-beilen\/\" \/>\n<meta property=\"og:locale\" content=\"nl_NL\" \/>\n<meta property=\"og:type\" content=\"article\" \/>\n<meta property=\"og:title\" content=\"Zorgcaf\u00e9 Dementie en Parkinson Beilen - Wijster\" \/>\n<meta property=\"og:description\" content=\"Zorgcaf\u00e9 Beilen &#8211; dinsdag 9 april 19.30 uur Karspelhof Deze keer organiseren we een gecombineerd zorgcaf\u00e9 Dementie en Parkinson met als thema: \u201cWat te doen als eten en drinken problemen geeft\u201d. Eten en drinken is iets van alle dag. Bij &hellip; Lees verder &rarr;\" \/>\n<meta property=\"og:url\" content=\"https:\/\/wijster.info\/index.php\/event\/zorgcafe-dementie-en-parkinson-beilen\/\" \/>\n<meta property=\"og:site_name\" content=\"Wijster\" \/>\n<meta name=\"twitter:card\" content=\"summary_large_image\" \/>\n<meta name=\"twitter:label1\" content=\"Geschatte leestijd\" \/>\n\t<meta name=\"twitter:data1\" content=\"2 minuten\" \/>\n<script type=\"application\/ld+json\" class=\"yoast-schema-graph\">{\"@context\":\"https:\/\/schema.org\",\"@graph\":[{\"@type\":\"WebPage\",\"@id\":\"https:\/\/wijster.info\/index.php\/event\/zorgcafe-dementie-en-parkinson-beilen\/\",\"url\":\"https:\/\/wijster.info\/index.php\/event\/zorgcafe-dementie-en-parkinson-beilen\/\",\"name\":\"Zorgcaf\u00e9 Dementie en Parkinson Beilen - Wijster\",\"isPartOf\":{\"@id\":\"https:\/\/wijster.info\/#website\"},\"datePublished\":\"2024-04-03T14:41:54+00:00\",\"breadcrumb\":{\"@id\":\"https:\/\/wijster.info\/index.php\/event\/zorgcafe-dementie-en-parkinson-beilen\/#breadcrumb\"},\"inLanguage\":\"nl-NL\",\"potentialAction\":[{\"@type\":\"ReadAction\",\"target\":[\"https:\/\/wijster.info\/index.php\/event\/zorgcafe-dementie-en-parkinson-beilen\/\"]}]},{\"@type\":\"BreadcrumbList\",\"@id\":\"https:\/\/wijster.info\/index.php\/event\/zorgcafe-dementie-en-parkinson-beilen\/#breadcrumb\",\"itemListElement\":[{\"@type\":\"ListItem\",\"position\":1,\"name\":\"Home\",\"item\":\"https:\/\/wijster.info\/\"},{\"@type\":\"ListItem\",\"position\":2,\"name\":\"Evenementen\",\"item\":\"https:\/\/wijster.info\/index.php\/events\/\"},{\"@type\":\"ListItem\",\"position\":3,\"name\":\"Zorgcaf\u00e9 Dementie en Parkinson Beilen\"}]},{\"@type\":\"WebSite\",\"@id\":\"https:\/\/wijster.info\/#website\",\"url\":\"https:\/\/wijster.info\/\",\"name\":\"Wijster\",\"description\":\"nieuws en informatie\",\"potentialAction\":[{\"@type\":\"SearchAction\",\"target\":{\"@type\":\"EntryPoint\",\"urlTemplate\":\"https:\/\/wijster.info\/?s={search_term_string}\"},\"query-input\":{\"@type\":\"PropertyValueSpecification\",\"valueRequired\":true,\"valueName\":\"search_term_string\"}}],\"inLanguage\":\"nl-NL\"}]}<\/script>\n<!-- \/ Yoast SEO plugin. -->","yoast_head_json":{"title":"Zorgcaf\u00e9 Dementie en Parkinson Beilen - Wijster","robots":{"index":"index","follow":"follow","max-snippet":"max-snippet:-1","max-image-preview":"max-image-preview:large","max-video-preview":"max-video-preview:-1"},"canonical":"https:\/\/wijster.info\/index.php\/event\/zorgcafe-dementie-en-parkinson-beilen\/","og_locale":"nl_NL","og_type":"article","og_title":"Zorgcaf\u00e9 Dementie en Parkinson Beilen - Wijster","og_description":"Zorgcaf\u00e9 Beilen &#8211; dinsdag 9 april 19.30 uur Karspelhof Deze keer organiseren we een gecombineerd zorgcaf\u00e9 Dementie en Parkinson met als thema: \u201cWat te doen als eten en drinken problemen geeft\u201d. Eten en drinken is iets van alle dag. Bij &hellip; Lees verder &rarr;","og_url":"https:\/\/wijster.info\/index.php\/event\/zorgcafe-dementie-en-parkinson-beilen\/","og_site_name":"Wijster","twitter_card":"summary_large_image","twitter_misc":{"Geschatte leestijd":"2 minuten"},"schema":{"@context":"https:\/\/schema.org","@graph":[{"@type":"WebPage","@id":"https:\/\/wijster.info\/index.php\/event\/zorgcafe-dementie-en-parkinson-beilen\/","url":"https:\/\/wijster.info\/index.php\/event\/zorgcafe-dementie-en-parkinson-beilen\/","name":"Zorgcaf\u00e9 Dementie en Parkinson Beilen - Wijster","isPartOf":{"@id":"https:\/\/wijster.info\/#website"},"datePublished":"2024-04-03T14:41:54+00:00","breadcrumb":{"@id":"https:\/\/wijster.info\/index.php\/event\/zorgcafe-dementie-en-parkinson-beilen\/#breadcrumb"},"inLanguage":"nl-NL","potentialAction":[{"@type":"ReadAction","target":["https:\/\/wijster.info\/index.php\/event\/zorgcafe-dementie-en-parkinson-beilen\/"]}]},{"@type":"BreadcrumbList","@id":"https:\/\/wijster.info\/index.php\/event\/zorgcafe-dementie-en-parkinson-beilen\/#breadcrumb","itemListElement":[{"@type":"ListItem","position":1,"name":"Home","item":"https:\/\/wijster.info\/"},{"@type":"ListItem","position":2,"name":"Evenementen","item":"https:\/\/wijster.info\/index.php\/events\/"},{"@type":"ListItem","position":3,"name":"Zorgcaf\u00e9 Dementie en Parkinson Beilen"}]},{"@type":"WebSite","@id":"https:\/\/wijster.info\/#website","url":"https:\/\/wijster.info\/","name":"Wijster","description":"nieuws en informatie","potentialAction":[{"@type":"SearchAction","target":{"@type":"EntryPoint","urlTemplate":"https:\/\/wijster.info\/?s={search_term_string}"},"query-input":{"@type":"PropertyValueSpecification","valueRequired":true,"valueName":"search_term_string"}}],"inLanguage":"nl-NL"}]}},"_links":{"self":[{"href":"https:\/\/wijster.info\/index.php\/wp-json\/wp\/v2\/tribe_events\/1667","targetHints":{"allow":["GET"]}}],"collection":[{"href":"https:\/\/wijster.info\/index.php\/wp-json\/wp\/v2\/tribe_events"}],"about":[{"href":"https:\/\/wijster.info\/index.php\/wp-json\/wp\/v2\/types\/tribe_events"}],"author":[{"embeddable":true,"href":"https:\/\/wijster.info\/index.php\/wp-json\/wp\/v2\/users\/1"}],"version-history":[{"count":1,"href":"https:\/\/wijster.info\/index.php\/wp-json\/wp\/v2\/tribe_events\/1667\/revisions"}],"predecessor-version":[{"id":1669,"href":"https:\/\/wijster.info\/index.php\/wp-json\/wp\/v2\/tribe_events\/1667\/revisions\/1669"}],"wp:attachment":[{"href":"https:\/\/wijster.info\/index.php\/wp-json\/wp\/v2\/media?parent=1667"}],"wp:term":[{"taxonomy":"post_tag","embeddable":true,"href":"https:\/\/wijster.info\/index.php\/wp-json\/wp\/v2\/tags?post=1667"},{"taxonomy":"tribe_events_cat","embeddable":true,"href":"https:\/\/wijster.info\/index.php\/wp-json\/wp\/v2\/tribe_events_cat?post=1667"}],"curies":[{"name":"wp","href":"https:\/\/api.w.org\/{rel}","templated":true}]}}

Zorgcafé Dementie en Parkinson Beilen

<h1><u><a href="https://welzijnswerkmd.plek.co/message/66057ac7aa312f7ed735683d" target="_blank" rel="noopener" data-saferedirecturl="https://www.google.com/url?q=https://welzijnswerkmd.plek.co/message/66057ac7aa312f7ed735683d&amp;source=gmail&amp;ust=1712178685669000&amp;usg=AOvVaw2Sw5Rewa2RdqUwN3wbF4Xc">Zorgcafé Beilen &#8211; dinsdag 9 april 19.30 uur Karspelhof</a></u></h1>
<p>Deze keer organiseren we een gecombineerd zorgcafé Dementie en Parkinson met als thema: “Wat te doen als eten en drinken problemen geeft”. Eten en drinken is iets van alle dag. Bij zowel de ziekte van Parkinson als bij dementie kan er een moment komen, dat dit niet meer zo vanzelfsprekend is. Soms gaat het slikken of kauwen moeilijker, met als gevolg dat de eetmomenten minder prettig verlopen. Hoe ga je dan om met verslikken, verminderde spierfunctie of wat kun je doen als het begrip van wat gezegd wordt achteruitgaat.</p>
<p>Er zijn  twee gastsprekers: logopedist Reinier Bremer en diëtiste Annet Schenkel. Zij gaan samen met de bezoekers onder meer  in gesprek over oorzaak en gevolgen, hoe eten en drinken zo prettig en gezond mogelijk blijft, welke hulpmiddelen er zijn en hoe mensen zo lang mogelijk zelf regie kunnen houden.</p>
<p>Het Zorgcafé is een ontmoetingsplaats, waar patiënten, hun partners, familieleden en andere belangstellenden elkaar in een ongedwongen sfeer kunnen ontmoeten en ervaringen kunnen uitwisselen.</p>
<p>Komt u ook de 9<sup>e</sup> <sup> </sup>of kent u iemand voor wie deze bijeenkomst interessant is?  Vanaf 19.00 uur is de deur open en staat er koffie/thee klaar. Heeft u problemen met vervoer, dan kunt u (minimaal 2 werkdagen van tevoren) mailen of bellen met Stichting Buurtvervoer Midden-Drenthe: <a href="mailto:info@buurtvervoermd.nl" target="_blank" rel="noopener">info@buurtvervoermd.nl</a> of van ma t/m vrijdag van 9.00 – 13.00 uur T. 0593 – 729 492</p>
<p><b>Aanmelden vooraf is prettig, maar niet verplicht en kan door een mail te sturen o.v.v. Zorgcafé Beilen naar <a href="mailto:info@welzijnswerkmd.nl" target="_blank" rel="noopener">info@welzijnswerkmd.nl</a>  </b><b>of door te bellen op werkdagen naar Welzijnswerk Midden-Drenthe: tel. 088-165 1200</b><b></b></p>
<p><b><a href="https://wijster.info/wp-content/uploads/2024/04/2024-04-09-Flyer-Zorgcafe-logopedist-en-dietist.pdf">2024-04-09 Flyer Zorgcafé logopedist en dietist</a> </b></p>

<p>Zorgcafé Beilen &#8211; dinsdag 9 april 19.30 uur Karspelhof Deze keer organiseren we een gecombineerd zorgcafé Dementie en Parkinson met als thema: “Wat te doen als eten en drinken problemen geeft”. Eten en drinken is iets van alle dag. Bij &hellip; <a href="https://wijster.info/index.php/event/zorgcafe-dementie-en-parkinson-beilen/">Lees verder <span class="meta-nav">&rarr;</span></a></p>

<!-- This site is optimized with the Yoast SEO plugin v27.2 - https://yoast.com/product/yoast-seo-wordpress/ -->
<title>Zorgcafé Dementie en Parkinson Beilen - Wijster</title>
<meta name="robots" content="index, follow, max-snippet:-1, max-image-preview:large, max-video-preview:-1" />
<link rel="canonical" href="https://wijster.info/index.php/event/zorgcafe-dementie-en-parkinson-beilen/" />
<meta property="og:locale" content="nl_NL" />
<meta property="og:type" content="article" />
<meta property="og:title" content="Zorgcafé Dementie en Parkinson Beilen - Wijster" />
<meta property="og:description" content="Zorgcafé Beilen &#8211; dinsdag 9 april 19.30 uur Karspelhof Deze keer organiseren we een gecombineerd zorgcafé Dementie en Parkinson met als thema: “Wat te doen als eten en drinken problemen geeft”. Eten en drinken is iets van alle dag. Bij &hellip; Lees verder &rarr;" />
<meta property="og:url" content="https://wijster.info/index.php/event/zorgcafe-dementie-en-parkinson-beilen/" />
<meta property="og:site_name" content="Wijster" />
<meta name="twitter:card" content="summary_large_image" />
<meta name="twitter:label1" content="Geschatte leestijd" />
	<meta name="twitter:data1" content="2 minuten" />
<script type="application/ld+json" class="yoast-schema-graph">{"@context":"https://schema.org","@graph":[{"@type":"WebPage","@id":"https://wijster.info/index.php/event/zorgcafe-dementie-en-parkinson-beilen/","url":"https://wijster.info/index.php/event/zorgcafe-dementie-en-parkinson-beilen/","name":"Zorgcafé Dementie en Parkinson Beilen - Wijster","isPartOf":{"@id":"https://wijster.info/#website"},"datePublished":"2024-04-03T14:41:54+00:00","breadcrumb":{"@id":"https://wijster.info/index.php/event/zorgcafe-dementie-en-parkinson-beilen/#breadcrumb"},"inLanguage":"nl-NL","potentialAction":[{"@type":"ReadAction","target":["https://wijster.info/index.php/event/zorgcafe-dementie-en-parkinson-beilen/"]}]},{"@type":"BreadcrumbList","@id":"https://wijster.info/index.php/event/zorgcafe-dementie-en-parkinson-beilen/#breadcrumb","itemListElement":[{"@type":"ListItem","position":1,"name":"Home","item":"https://wijster.info/"},{"@type":"ListItem","position":2,"name":"Evenementen","item":"https://wijster.info/index.php/events/"},{"@type":"ListItem","position":3,"name":"Zorgcafé Dementie en Parkinson Beilen"}]},{"@type":"WebSite","@id":"https://wijster.info/#website","url":"https://wijster.info/","name":"Wijster","description":"nieuws en informatie","potentialAction":[{"@type":"SearchAction","target":{"@type":"EntryPoint","urlTemplate":"https://wijster.info/?s={search_term_string}"},"query-input":{"@type":"PropertyValueSpecification","valueRequired":true,"valueName":"search_term_string"}}],"inLanguage":"nl-NL"}]}</script>
<!-- / Yoast SEO plugin. -->

Zorgcafé Dementie en Parkinson Beilen - Wijster

Zorgcafé Beilen &#8211; dinsdag 9 april 19.30 uur Karspelhof Deze keer organiseren we een gecombineerd zorgcafé Dementie en Parkinson met als thema: “Wat te doen als eten en drinken problemen geeft”. Eten en drinken is iets van alle dag. Bij &hellip; Lees verder &rarr;
